53. What is the tens digit of g?
0
Let y(l) = 6*l**2 + 129*l - 3760. What is the ten thousands digit of y(47)?
1
Let c be 7 - -2907 - 1*9. Suppose 10*i - 205 = c. What is the hundreds digit of i?
3
Suppose -24 = -2*c + 6*c. Let z = -3 - c. Let d(a) = 3*a**2 + 10*a - 2. What is the units digit of d(z)?
5
Let b = -133 + 244. Suppose -3*w - 4*c + 272 = w, -2*w + 3*c = -b. What is the units digit of w?
3
Let u = 601 - 376. Suppose 2*s - 5*i - 404 = 0, -s - 5*i = -u + 38. What is the units digit of s?
7
Let k be 0 + -3*(-44)/(-6). Let v be (-4)/(-20)*-1 - k/10. What is the tens digit of (34 + 4)/(2 + (1 - v))?
3
Suppose 3*p - 12 = 0, -6*y - 3*p = -5*y - 13. What is the hundreds digit of 262 - 18/(y + 2)?
2
Suppose 7*b - 151 - 143 = 0. Let u = -38 + 42. Suppose -u*n + 3*n = -b. What is the tens digit of n?
4
Let m be (5 - 80/25)/((-1)/(-5)). Suppose -22*w + 4*u + 540 = -20*w, 3*u - m = 0. What is the hundreds digit of w?
2
Let t = 17759 + -10053. What is the hundreds digit of t?
7
Suppose u = -5*m + 23, -11 - 11 = -4*m + u. Let f(s) = -s**3 - s**2 - 3*s + 11. Let v be f(m). What is the tens digit of (-9058)/v - (-2)/11?
5
Let a = -52940 + 76547. What is the tens digit of a?
0
Suppose -5*w + 477 = -2*m, 3*w = -0*w + 15. Let p = 602 + m. Suppose -8*o = -0*o - p. What is the tens digit of o?
4
Suppose -175999*s - 89710 = -176004*s. What is the hundreds digit of s?
9
Suppose 3*x + 348 = -738. Let y = x - -742. What is the units digit of y/(-12)*(-4 + 1)?
5
Let y = 2131 - -790. Suppose c = 14*h - 18*h + 2320, -4*c = -5*h + y. What is the tens digit of h?
8
Let q(j) = 8*j**2 - 30*j + 41. Let k(l) = 3*l**2 - 15*l + 21. Let x(m) = -7*k(m) + 3*q(m). What is the units digit of x(-12)?
8
Let y = 7513 + 4277. What is the hundreds digit of y?
7
Let b = 453 + -451. Suppose b*x + 716 + 1246 = 2*g, 2*x - 4 = 0. What is the hundreds digit of g?
9
Let q(a) = -a**3 + 11*a**2 - 24*a + 4. Let d be q(8). Suppose l = 3*r + 383, d*l - 939 - 584 = 3*r. What is the tens digit of l?
8
Suppose 0 = -b + 7*b - 120. Suppose 0 = 2*z + 2 - b. Let x = 12 + z. What is the units digit of x?
1
Let r(d) = d**3 - 17*d**2 - 14*d + 13. Let y be r(18). Suppose -563 - y = -4*j. Suppose -10*l + 4*l = -j. What is the units digit of l?
7
Let c(n) = -14*n - 8. Let p be c(-2). Suppose 5*y - p = y - 5*t, 2*t = 0. Suppose -4*i - y*i = -63. What is the units digit of i?
7
Let w(p) = 9*p + 15. Let i(q) = -2*q**3 - 6*q**2 - 6*q. Let b = 13 - 16. Let m be i(b). What is the hundreds digit of w(m)?
1
Let o = 20424 + -10416. What is the hundreds digit of o?
0
Suppose -23895 = -10*j + 45023 + 50872. What is the hundreds digit of j?
9
Suppose 5*y - 6 - 4 = 0, -2*l + 3*y = 0. Suppose -l*z = -4*v + 3866, 5*z + 3036 = 5*v - 1794. What is the tens digit of v?
6
Suppose -5 + 11 = -4*i + 2*t, -3*t + 9 = -2*i. Suppose -3*g - 6*v + 221 = -10*v, i = 3*v - 3. What is the tens digit of g?
7
Let l = 96 + -91. Suppose -l*c = -441 - 1169. What is the hundreds digit of c?
3
Suppose 7*z = 5*z + 4. Suppose 0 = -2*p + 5*c + 766, -z*c - 1102 = -3*p + 69. What is the units digit of p?
3
Let x = 228 + -226. Suppose -4*y - g + 1789 = 0, 2*g - 1343 = -x*y - y. What is the units digit of y?
7
Let h be (-1 + 6 + -6)*-1405. Let p = 2441 - h. What is the tens digit of p?
3
Let f = -46 + 28. Let c = f + 38. Let a = c + 41. What is the units digit of a?
1
Suppose f - 6*f + 4177 = 2*y, 5*f = 4*y - 8339. What is the units digit of y?
6
Let p = 73488 + -33117. What is the units digit of p?
1
Let j(d) = -9*d**3 - 2*d**2 - 6*d + 8. Let m(o) = -12*o + 44. Let z be m(4). What is the tens digit of j(z)?
7
Let f(l) = 8*l**2 + 23*l + 2. Suppose 24 = 5*q - 9*q. What is the hundreds digit of f(q)?
1
What is the units digit of 29854188/2106 + (-2)/(-9)?
6
Let u = 2101 - 3010. What is the tens digit of u*3/((-9)/2)?
0
Let d = 47 - 71. Let i(x) = x**2 + 24*x - 36. Let j be i(d). What is the units digit of 1 - 1 - (-9)/(j/(-776))?
4
What is the units digit of ((-6110)/(-20) - 11)*56/4?
3
Let c = 354 + -360. What is the tens digit of 3288/30 - 6 - c/(-10)?
0
Let v(q) = q**2 + 11*q + 30. Let b be v(-5). Suppose -9*m + 8892 = -b*m. What is the hundreds digit of m?
9
Suppose 5*t = 3*r + 7, -t + 3 = -4*t. Let u be (2/8)/(r/(-80)). Suppose 0 = -u*s - 2*o + 28, 3*o = 7*o - 16. What is the units digit of s?
4
Suppose l - 3*l = -20. Suppose -6*t + l + 14 = 0. What is the units digit of t?
4
Let j = -800 + 2365. Suppose 5*b - j = -380. Suppose -4*m + m = -b. What is the tens digit of m?
7
Let q(k) = -19*k**2 + 107*k - 3. Let h be q(5). Suppose -h*z - 2370 = -59*z. What is the units digit of z?
5
Suppose -i - z + 2 = -4*z, -3*i + 2*z + 6 = 0. Suppose 5*f = i*v + 2653, 4*v - 362 - 2267 = -5*f. What is the units digit of f?
9
Let s = -772 - -1424. Suppose 4*m = -3*i + 2638, 2*m = 3*m - 3*i - s. What is the units digit of m?
8
Suppose -2*d - 2*p = -22446, -5*d = 33*p - 37*p - 56133. What is the units digit of d?
5
Let v = 690 - 1094. What is the tens digit of 4*v/48*3*-6?
0
Let n be 8230/(-8) - 21/(-56)*2. Let a = -722 - n. What is the hundreds digit of a?
3
Suppose v + 5*u - u = 41, 3*v - 88 = -5*u. Let n = v - -17. What is the units digit of -6*3/(-6) + (n - -4)?
5
Suppose -3*p - 629 = -2*h, 0*h + 5*h = 4*p + 1555. Suppose 0 = -21*c + 20*c + h. What is the units digit of c?
7
Suppose -6 + 32 = a. Suppose 0 = -a*i + 22*i + 92. Suppose -8 = -4*g, -5 = -4*y - 2*g + i. What is the units digit of y?
6
Suppose 7*l = 2210 + 240. Suppose -2*o + l = -8. Let w = -90 + o. What is the tens digit of w?
8
Let x(d) = -1. Let b(k) = k - 22. Let a(g) = -b(g) + 2*x(g). Let z be a(18). Suppose 2*o - n + z*n = 24, 4*n + 8 = 0. What is the units digit of o?
3
What is the thousands digit of 5630 + 0/((-6)/30 + (-28)/10)?
5
Let r(h) = 587*h**2 - 38*h - 292. What is the tens digit of r(-6)?
6
Let g(w) be the third derivative of w**6/120 + 17*w**5/60 - 29*w**4/24 + 4*w**3 - 7*w**2 - 17. What is the thousands digit of g(-12)?
1
Let l = 218 + -210. Suppose l*j + 5*f = 4*j + 3076, 4*f + 2307 = 3*j. What is the hundreds digit of j?
7
Suppose -5*w = -10*w - 20. Let y = -2 - -6. What is the units digit of 83*w*(-1)/y?
3
Let h = 33826 + -12241. What is the thousands digit of h?
1
Suppose -h + 5*h = 0. Let p(r) = 2*r**2 - 3*r + 1. Let k be p(0). What is the units digit of 32 + 1 - (h - k)?
4
Let i(o) = o**3 - 14*o**2 - 4*o + 32. Let s be i(14). Let c = -14 - s. What is the tens digit of -2 - -2*1/(1/c)?
1
Let v(c) = c**3 + 21*c**2 + 17*c + 25. Let h be v(-20). Suppose 0 = a - 26 - h. What is the units digit of a?
1
Let c(p) = -p**3 - 3*p**2 + 4*p - 4. Let m be c(-4). Let y be (m/10)/(618/310 + -2). Let i = y + 45. What is the units digit of i?
7
Suppose -3*d - 16 = 2*t, -6*t = -d - 11*t - 14. What is the tens digit of d/28 + (-2234)/(-7) - -6?
2
Let f = 130 - 195. Let z = f + 71. What is the units digit of (3/(z/(-194)))/(5/(-5))?
7
Let d be 9/(-2)*(-32980)/51. Suppose 8*c - d = 66. What is the tens digit of c?
7
Let f be 45/(-5)*(-16)/6. Suppose -f - 11 = -o. Let l = o - 21. What is the tens digit of l?
1
Suppose 5*l - 4*q - 5375 = 8435, -5527 = -2*l + q. What is the thousands digit of l?
2
Let a(j) = 15*j**2 - 6 + 81*j + 81*j - 165*j. What is the units digit of a(-6)?
2
What is the hundreds digit of 12936 + (-14 - -13) + 13?
9
Suppose 195*s - 175478 = 184*s + 199457. What is the units digit of s?
5
Suppose -89521 = -9*d + 9047. What is the ten thousands digit of d?
1
Let h = 129 - 75. Let g = 48 - h. What is the units digit of 74/(-3)*(3 + g)?
4
Let j = -62 + 62. Suppose 712 = 2*t + 2*q, j = -4*t - 3*q + 301 + 1119. What is the units digit of t?
2
Suppose -18*p = 5*p - 43723. Suppose 4*b - 8*b = -5*x + p, -5*x - b = -1881. What is the tens digit of x?
7
Let z(g) be the first derivative of -g**4/4 - 2*g**3/3 + 5*g**2/2 + 464*g - 15. What is the tens digit of z(0)?
6
Suppose -20 = 4*f - 4*l, -4*f = -3*f - 5*l + 25. Let n(q) be the second derivative of q**4/12 + q**3/6 + 25*q**2/2 - 3*q. What is the tens digit of n(f)?
2
Let v = -28 - -32. Suppose v*c - 105 = -c. What is the tens digit of ((-90)/c)/(18/(-84))?
2
Let v = 13619 + -1902. What is the ten thousands digit of v?
1
Suppose -3*m + 98999 = -6*x + 3704, 127069 = 4*m + x. What is the tens digit of m?
6
Suppose -23*d - 2080 = -15*d. What